q(w) = -306*w + 898. Let f be q(3). What are the prime factors of -2 - (1456/(-10) + f/n)?
2, 3
Suppose 970 + 2544 = 7*c. Let p be (-8)/(-32) + c/8. List the prime factors of (-1015)/(-9) + 14/p.
113
Suppose -26*d + 4740 + 31608 = 0. What are the prime factors of d?
2, 3, 233
Let z(h) = h**3 + 43*h**2 - 48*h - 554. What are the prime factors of z(-19)?
2, 13, 347
Suppose -1557*u - 3*m = -1561*u + 76757, 3*u = 5*m + 57587. List the prime factors of u.
2, 11, 109
Let k = 497 - 508. What are the prime factors of ((-45)/5 - k)*35/2?
5, 7
Suppose -36*m + 11*m + 1050 = 0. List the prime factors of (-7)/((-49)/6299) - 36/m.
29, 31
Suppose -8*f + 4638096 = 85*f. What are the prime factors of f?
2, 3, 1039
Let m(f) = -2*f + 66. Let d be m(6). List the prime factors of 120*84/d*(-9)/(-3).
2, 5, 7
Let q be ((-22)/(-77))/((-4)/(-14)) - -2. Suppose q*t = -t - 5*s + 472, 4*t - s - 496 = 0. What are the prime factors of t?
3, 41
Suppose p - 11 = 3*i + 6*p, 3*i = 2*p + 17. Let w be i/(-6)*2 + 4. List the prime factors of (-1)/w + (-3690)/(-54).
2, 17
Suppose -11*j = 4 + 51. Let u(o) = 16*o**2 - 15. List the prime factors of u(j).
5, 7, 11
Let x = -2307 - -378. List the prime factors of x/(-12) + (-21)/28.
2, 5
Suppose -2*u + 3*d - 36 = 3*u, -u + 4*d = 14. Let n(f) = -3*f - 15. Let b be n(u). Suppose b*o - 58 = 5*m - 745, -5*m + 695 = -5*o. List the prime factors of m.
3, 5
Let p be (-28)/(-10) - ((-16)/(-4))/(-20). Suppose -s - 4*t + 96 = s, -p*t = -5*s + 188. Let a = s - 14. What are the prime factors of a?
2, 13
Let u(c) = -c**3 - 9*c**2 - 8*c + 2. Let v be u(-8). Let m(l) = 2*l + 33 + 2*l - v*l - 3*l. List the prime factors of m(17).
2
Suppose -3*p = p - 8, 3*t + 8 = p. Let h be ((-28)/12 + 1)/(3/18). List the prime factors of h/((-96)/46 - t).
2, 23
Let j(z) = -4387*z**3 + z**2 + 2*z + 2. List the prime factors of j(-1).
2, 1097
Suppose 4*b + 3*x + 3319 = 0, -2*b + 4*x - 873 = 803. Let c = 1166 + b. List the prime factors of c.
2, 167
Let d = 32 + -53. Suppose -5*n - 1095 = -5*c, -2*c + 7*n = 2*n - 432. Let v = c + d. List the prime factors of v.
2, 5
Let o(j) be the second derivative of -5*j**3/3 + 7*j**2 - 3*j + 8. What are the prime factors of o(-13)?
2, 3
Let b(g) = g**3 - g**2 + 347. Let q be b(0). Suppose -835 = -5*n - j + 2*j, -2*n + 3*j = -q. Suppose 3*u - 5*u = -n. What are the prime factors of u?
83
Let i be (-2 + 1)*(-46 - -44). Suppose -i*y + 4115 + 395 = 5*p, -2*p + y + 1804 = 0. List the prime factors of p.
2, 11, 41
Let s(j) = 13*j - 3*j**2 + 4*j**2 + 6*j + 18 - 7*j. Let a be (-2)/15 - (-1 - (-1351)/105). List the prime factors of s(a).
2, 3
Let k(a) = -a**3 - 6*a**2 - 3*a - 6. Let l be k(-6). Let d = l - 16. What are the prime factors of 22*(d - 17/(-2))?
3, 11
Suppose 12803 = 6*t + 2297. Suppose 1323 = 4*z - z + 4*x, x - t = -4*z. List the prime factors of z.
19, 23
List the prime factors of (-2)/(-18)*-4 - (-523264)/9.
2, 3, 5, 17, 19
Let o(c) = -95*c**2 - 2*c + 3. Let t be o(2). Let v = 404 + t. List the prime factors of v.
23
Suppose 4*v - 25987 = -b, -33067 - 70900 = -4*b + 3*v. List the prime factors of b.
7, 47, 79
Suppose -5*l + 0*l = 2*a + 4722, -20 = -5*l. Let n = -1325 - a. What are the prime factors of n?
2, 523
Let s(o) = 2*o**3 + 21*o**2 + 14*o + 17. Let a be s(-12). Let m = a - -1106. What are the prime factors of m?
523
What are the prime factors of (19 - (26 - -3)) + 1*9869?
9859
Suppose 3*b = -2*m + 11882, 12509 = 4*m + 5*b - 11251. List the prime factors of m.
5, 1187
List the prime factors of (-3)/7 + 47374158/1092 - (-2)/4.
3, 14461
Suppose 24 = 13*a - 12*a. Suppose -a = -5*q + q. Let f(u) = 3*u**2 + 3*u - 7. List the prime factors of f(q).
7, 17
Suppose 0 = -632*i + 639*i - 113260. What are the prime factors of i?
2, 5, 809
Let t(m) = -m + 10. Let s be t(-5). Let c = -16 + s. What are the prime factors of c + (-4 - -1) + 84?
2, 5
Let a(r) = r + 13. Let s be a(-11). Suppose -g - 5*v + 1137 = 0, -s*v = -3*g + v + 3465. List the prime factors of g/15 - 1/(-5).
7, 11
Let z = -1896 - -2978. What are the prime factors of z?
2, 541
Suppose -2*w - 10 = -w + 3*k, 0 = -5*w - 3*k - 38. List the prime factors of ((4 - 0) + w)*-271.
3, 271
Let n(c) = 579*c**2 - 78*c + 221. What are the prime factors of n(3)?
2, 23, 113
Let s(d) = -d**3 + 2*d**2 + 40*d - 32*d - 8 + d**2 + 0*d**2. What are the prime factors of s(-4)?
2, 3
Let d be 22/77 + (-68)/(-7). Suppose d*n - 18*n + 2040 = 0. List the prime factors of n.
3, 5, 17
Suppose -2*s + 3*k + 93657 = 0, -80221 = -2*s - 2*k + 13401. What are the prime factors of s?
2, 3, 17
Let f = 4279 + 2915. What are the prime factors of f?
2, 3, 11, 109
Let u = -3 - 2. Let m(h) be the third derivative of h**6/120 + h**5/12 - h**4/2 - 11*h**3/6 - 352*h**2. List the prime factors of m(u).
7
Suppose -18 = 4*w + 5*w. What are the prime factors of (-993)/w - 7/(14/(-3))?
2, 3, 83
Let h(n) = 238*n - 25. Let k be h(4). Suppose 1544 = 4*m - 2*q, 985 = 5*m + 2*q - k. List the prime factors of m.
2, 3
Let m = 5730 - 5472. List the prime factors of m.
2, 3, 43
Let b = -9 + 18. Suppose -6*p + b*p = 318. Let g = p + -36. What are the prime factors of g?
2, 5, 7
Suppose -3*n - 4160 = -6*n - 5*f, 3*f = 2*n - 2748. Suppose -6*d = 6*d - n. List the prime factors of d.
5, 23
Suppose -18*c = -3*d - 23*c + 150772, 3*c + 251196 = 5*d. What are the prime factors of d?
2, 3, 53, 79
Let j(n) = n**3 + 4*n**2 - 16*n - 18. Let u be j(-6). Suppose 5*w - 7 = s, 5*w + s = u*w + 1. List the prime factors of (-12 + -2)*(39/w)/(-1).
3, 7, 13
Suppose 3*g + 4*t - 9*t = 13836, 3*t + 9 = 0. List the prime factors of g.
17, 271
Let o(c) = -2*c**3 + 2*c**2 - 4*c - 42. Let u be o(-5). Suppose -5*y - u = -1308. What are the prime factors of y?
2, 103
Suppose -2*n + 13207 = 24*g - 27*g, 0 = -3*g - 9. List the prime factors of n.
6599
Let n = -230 + 227. What are the prime factors of 0 + n + 1017 + 7?
1021
Suppose 0 = 132*o - 65*o - 139695. What are the prime factors of o?
3, 5, 139
Let o be (-3 + 2)/(2*4/(-24)). Suppose -l - 10 = -o*l. Suppose l*c - 91 = 194. What are the prime factors of c?
3, 19
Suppose -54 = -28*m + 114. What are the prime factors of 510 - m/(6 + 0)?
509
Let f(z) be the third derivative of 0*z - 5*z**2 + 7/8*z**4 - 29/6*z**3 + 0. List the prime factors of f(6).
97
Suppose 30*k - 21394 = 26816. List the prime factors of k.
1607
Suppose 22*t + 406 = 80*t. Let d = 52 - 12. List the prime factors of 10/35 + d/t.
2, 3
Let g = 1295 + 3667. What are the prime factors of ((-40)/60)/((-4)/g)?
827
Suppose 0 = -7*k - 4*k + 473. Suppose 8*s - k + 11 = 0. Suppose 0 = 5*z + 5*y - s*y - 586, 3*y = -z + 106. What are the prime factors of z?
2, 59
Let i be (-5)/(-2) + 25/(-10) + 3. Let b be (14/21)/(1/i). Suppose -b*z = -5*y + 610, -y + z = 3*z - 122. What are the prime factors of y?
2, 61
Let g = -6781 - -15861. What are the prime factors of g?
2, 5, 227
Let i = -3485 - -3551. List the prime factors of i.
2, 3, 11
Let p = 18567 - 2661. What are the prime factors of p?
2, 3, 11, 241
Suppose -r - 37275 = 10*o, 4*r - 5 = 3*r. Let p = -2640 - o. List the prime factors of p.
2, 17
Suppose 50*t = -54*t + 552032. List the prime factors of t.
2, 1327
Suppose -n = 3*m - 4790, 0 = 8*m - 3*m + 2*n - 7984. Suppose -b - 4*l + 337 = -49, -4*b - 3*l + m = 0. List the prime factors of b.
2, 3, 67
Let y(l) = 318*l**2 + 24*l - 4. What are the prime factors of y(12)?
2, 11519
Suppose -76*o + 15015 + 82417 = 0. What are the prime factors of o?
2, 641
Let x(j) = -j**3 - 4*j**2 + j - 10. What are the prime factors of x(-13)?
2, 7, 107
Let t = 7691 + 2326. List the prime factors of t.
3, 7, 53
Let d = 130 + -146. List the prime factors of d/(-12) - 1 - 206/(-3).
3, 23
What are the prime factors of 37461 - (2*10/(-4) + (-105)/(-21))?
3, 12487
Let w(t) = -t**3 + 12*t**2 + 4*t - 5. Let y be w(11). Suppose -y + 946 = 3*k. Let i = -145 + k. What are the prime factors of i?
3, 13
Suppose -4*o - 5*y = -2*y - 12, 5*y = 0. Let d be (-2)/(-5)*5 + -1. What are the prime factors of d*198 + (-9)/o?
3, 5, 13
What are the prime factors of 35/14 + -5 - 7/((-70)/883245)?
2, 13, 43, 79
Suppose 0 = 3*u - 3*d - 3, 0 = 2*u + d + 2*d - 22. Suppose -y = -0 - u. Suppose -6 = -y*s + 264. What are the prime factors of s?
2, 3
Let o be (-8)/(-6) - (-32)/(-6). Let z be (-6)/o + 1581